 524667.
3, 11, 13, 1223
List the prime factors of 374287.
374287
What are the prime factors of 4848787?
4848787
What are the prime factors of 343106?
2, 171553
List the prime factors of 693416.
2, 86677
What are the prime factors of 21413158?
2, 13, 37, 22259
List the prime factors of 2165781.
3, 43, 103, 163
List the prime factors of 11102270.
2, 5, 19, 71, 823
List the prime factors of 3366634.
2, 1683317
What are the prime factors of 116867?
116867
List the prime factors of 1161599.
1161599
What are the prime factors of 6706114?
2, 3353057
What are the prime factors of 304782?
2, 3, 79, 643
What are the prime factors of 3679204?
2, 31, 29671
What are the prime factors of 3281648?
2, 205103
List the prime factors of 6382454.
2, 13, 23, 821
What are the prime factors of 7950916?
2, 23, 86423
List the prime factors of 218685.
3, 5, 61, 239
List the prime factors of 3469233.
3, 263, 4397
List the prime factors of 14188.
2, 3547
What are the prime factors of 5983891?
1231, 4861
List the prime factors of 392858.
2, 196429
List the prime factors of 671199.
3, 229, 977
List the prime factors of 664742.
2, 13, 37, 691
List the prime factors of 3258516.
2, 3, 37, 41, 179
List the prime factors of 15198109.
613, 24793
List the prime factors of 1038813.
3, 59, 5869
What are the prime factors of 1990967?
11, 47, 3851
List the prime factors of 81422.
2, 11, 3701
What are the prime factors of 5993900?
2, 5, 11, 5449
What are the prime factors of 536678?
2, 53, 61, 83
What are the prime factors of 9350737?
11, 43, 53, 373
List the prime factors of 19377450.
2, 3, 5, 17, 149
List the prime factors of 3597421.
17, 29, 7297
What are the prime factors of 256442?
2, 128221
What are the prime factors of 17451560?
2, 5, 7, 62327
What are the prime factors of 425939?
425939
List the prime factors of 132331.
132331
List the prime factors of 3542789.
227, 15607
What are the prime factors of 18491853?
3, 521, 11831
What are the prime factors of 1154738?
2, 13, 23, 1931
List the prime factors of 6160.
2, 5, 7, 11
What are the prime factors of 321082?
2, 160541
What are the prime factors of 1194032?
2, 7, 1523
List the prime factors of 279500.
2, 5, 13, 43
List the prime factors of 2620691.
53, 197, 251
What are the prime factors of 259384?
2, 32423
List the prime factors of 2321564.
2, 7, 82913
What are the prime factors of 25153608?
2, 3, 17, 61651
List the prime factors of 1661420.
2, 5, 83071
What are the prime factors of 31275787?
31275787
List the prime factors of 9207005.
5, 1841401
What are the prime factors of 155518?
2, 11, 7069
List the prime factors of 673083.
3, 97, 257
List the prime factors of 16011.
3, 593
What are the prime factors of 65441?
31, 2111
What are the prime factors of 2510566?
2, 31, 40493
List the prime factors of 1376036.
2, 463, 743
List the prime factors of 13188538.
2, 11, 599479
List the prime factors of 2050693.
17, 71, 1699
List the prime factors of 943066.
2, 471533
What are the prime factors of 859685?
5, 171937
List the prime factors of 415329.
3, 167, 829
What are the prime factors of 11814636?
2, 3, 809, 1217
What are the prime factors of 32789463?
3, 7, 41, 38083
List the prime factors of 8504741.
7, 1214963
List the prime factors of 97263.
3, 101, 107
What are the prime factors of 681198?
2, 3, 7, 331
What are the prime factors of 79287?
3, 13, 19, 107
List the prime factors of 153666.
2, 3, 8537
List the prime factors of 10893753.
3, 13, 17, 5477
What are the prime factors of 6692905?
5, 1338581
List the prime factors of 305929.
13, 101, 233
List the prime factors of 5640279.
3, 1880093
What are the prime factors of 9872?
2, 617
List the prime factors of 305098.
2, 79, 1931
List the prime factors of 9517785.
3, 5, 634519
What are the prime factors of 258633?
3, 31, 103
What are the prime factors of 872940?
2, 3, 5, 14549
List the prime factors of 3866834.
2, 601, 3217
What are the prime factors of 10074227?
3167, 3181
List the prime factors of 200704.
2, 7
List the prime factors of 312578.
2, 7, 83, 269
What are the prime factors of 527074?
2, 263537
What are the prime factors of 570407?
570407
What are the prime factors of 51861?
3, 59, 293
List the prime factors of 647121.
3, 19, 11353
What are the prime factors of 2021220?
2, 3, 5, 19, 197
What are the prime factors of 20449566?
2, 3, 1136087
List the prime factors of 1298552.
2, 37, 41, 107
List the prime factors of 4821684.
2, 3, 7, 61, 941
What are the prime factors of 4552139?
4552139
List the prime factors of 167120.
2, 5, 2089
List the prime factors of 315790.
2, 5, 23, 1373
List the prime factors of 9535651.
9535651
What are the prime factors of 543374?
2, 13, 20899
What are the prime factors of 5493712?
2, 7, 181, 271
What are the prime factors of 9853412?
2, 31, 229, 347
What are the prime factors of 1315662?
2, 3, 219277
List the prime factors of 15042.
2, 3, 23, 109
What are the prime factors of 64583?
17, 29, 131
What are the prime factors of 4523582?
2, 7, 31, 1489
List the prime factors of 152332.
2, 38083
What are the prime factors of 7294473?
3, 23, 131, 269
What are the prime factors of 306628?
2, 7, 47, 233
List the prime factors of 411795.
3, 5, 9151
What are the prime factors of 17318039?
151, 114689
List the prime factors of 2828391.
3, 37, 83, 307
What are the prime factors of 2380027?
13, 14083
What are the prime factors of 334325?
5, 43, 311
What are the prime factors of 79898?
2, 7, 13, 439
List the prime factors of 30758011.
919, 33469
List the prime factors of 374362.
2, 187181
What are the prime factors of 3159554?
2, 43, 36739
List the prime factors of 772639.
7, 23, 4799
List the prime factors of 1105446.
2, 3, 184241
What are the prime factors of 80867?
193, 419
List the prime factors of 137154.
2, 3, 22859
List the prime factors of 128752.
2, 13, 619
What are the prime factors of 13043886?
2, 3, 2173981
List the prime factors of 396037.
23, 67, 257
List the prime factors of 71288.
2, 7, 19, 67
List the prime factors of 455026.
2, 11, 13, 37, 43
What are the prime factors of 657181?
7, 223, 421
What are the prime factors of 10065?
3, 5, 11, 61
List the prime factors of 2556068.
2, 83, 7699
List the prime factors of 4440497.
4440497
What are the prime factors of 54605?
5, 67, 163
What are the prime factors of 167012?
2, 43, 971
List the prime factors of 255591.
3, 7, 4057
List the prime factors of 9553639.
797, 11987
List the prime factors of 875228.
2, 17, 61, 211
What are the prime factors of 732662?
2, 7, 59, 887
What are the prime factors of 261329?
261329
List the prime factors of 4643476.
2, 257, 4517
List the prime factors of 315614.
2, 13, 61, 199
List the prime factors of 4224063.
3, 1408021
What are the prime factors of 448170?
2, 3, 5, 14939
What are the prime factors of 998711?
7, 142673
List the prime factors of 1471447.
1471447
List the prime factors of 26270.
2, 5, 37, 71
What are the prime factors of 685635?
3, 5, 43, 1063
List the prime factors of 807479.
807479
List the prime factors of 3929618.
2, 7, 11, 17, 19, 79
What are the prime factors of 9724676?
2, 13, 23, 47, 173
List the prime factors of 154502.
2, 67, 1153
List the prime factors of 25268096.
2, 7, 28201
What are the prime factors of 154047?
3, 51349
What are the prime factors of 6919226?
2, 29, 119297
List the prime factors of 2082657.
3, 167, 4157
List the prime factors of 102260.
2, 5, 5113
List the prime factors of 2163046.
2, 17, 113, 563
What are the prime factors of 364985?
5, 72997
What are the prime factors of 1798628?
2, 13, 34589
List the prime factors of 392807.
392807
List the prime factors of 1093018.
2, 546509
What are the prime factors of 2863947?
3, 954649
List the prime factors of 36597.
3, 11, 1109
What are the prime factors of 315450?
2, 3, 5, 701
What are the prime factors of 16048528?
2, 37, 27109
What are the prime factors of 18784104?
2, 3, 782671
What are the prime factors of 168634?
2, 84317
List the prime factors of 10487490.
2, 3, 5, 13, 26891
List the prime factors of 732829.
732829
What are the prime factors of 1639282?
2, 19, 179, 241
List the prime factors of 12386541.
3, 191, 21617
List the prime factors of 715913.
11, 37, 1759
List the prime factors of 301942.
2, 223, 677
What are the prime factors of 31639316?
2, 7909829
Li